f 15690 and 48480?
30
Calculate the greatest common divisor of 361283731 and 863.
863
Calculate the highest common divisor of 29127 and 2580333.
399
What is the highest common divisor of 112 and 122127376?
112
Calculate the greatest common factor of 11916 and 126424788.
3972
Calculate the greatest common divisor of 578 and 22943.
1
What is the greatest common divisor of 6136 and 70163626?
1534
What is the greatest common factor of 364 and 58415812?
364
Calculate the greatest common factor of 884 and 51957568.
52
What is the highest common factor of 542742 and 6171?
51
What is the greatest common divisor of 303 and 404337542?
101
What is the greatest common factor of 236 and 19856096?
236
What is the greatest common factor of 1068 and 7589742?
534
Calculate the greatest common divisor of 1778498924 and 359.
359
What is the highest common factor of 293 and 81999859?
293
What is the highest common divisor of 1306734 and 88374?
858
Calculate the highest common factor of 11875 and 7699750.
2375
What is the greatest common divisor of 27 and 14187?
3
What is the highest common factor of 20228 and 27929422?
778
Calculate the highest common factor of 9783680 and 1536.
128
What is the greatest common divisor of 22218 and 246054?
138
What is the greatest common factor of 21991727 and 2516?
629
What is the greatest common factor of 519204 and 326732?
196
Calculate the greatest common divisor of 12 and 5168316.
12
What is the highest common divisor of 2 and 218245178?
2
Calculate the greatest common divisor of 51555 and 143475.
15
What is the highest common divisor of 44761 and 402356?
17
Calculate the greatest common factor of 715924978 and 9082.
9082
What is the greatest common divisor of 1732672 and 416?
32
What is the greatest common divisor of 1317 and 70545105?
1317
Calculate the greatest common factor of 33538 and 67894.
818
Calculate the highest common factor of 513 and 1888999.
19
What is the highest common divisor of 425148 and 10884?
12
Calculate the highest common factor of 165198320 and 1120.
560
Calculate the greatest common factor of 1121905 and 39790.
865
What is the greatest common divisor of 60 and 25423350?
30
What is the highest common divisor of 75 and 1392540?
15
What is the highest common divisor of 5360510 and 160?
10
Calculate the greatest common factor of 1141049 and 7410.
13
Calculate the highest common factor of 6955146 and 3402.
486
Calculate the highest common divisor of 36437 and 2075.
83
Calculate the greatest common factor of 4365312 and 21364.
196
Calculate the highest common factor of 190543495 and 40.
5
What is the highest common factor of 9485006 and 22726?
2066
Calculate the greatest common factor of 37075 and 650600.
25
Calculate the highest common factor of 40180947 and 9.
3
What is the greatest common factor of 115544 and 56643224?
8888
What is the highest common factor of 2010052 and 35816?
484
Calculate the highest common factor of 1496589 and 20439.
2271
Calculate the greatest common divisor of 183 and 12263806.
61
Calculate the greatest common factor of 595 and 4674320.
595
What is the highest common divisor of 4550 and 150261566?
182
Calculate the greatest common divisor of 372 and 1385220.
12
Calculate the greatest common divisor of 670533684 and 37.
37
What is the highest common divisor of 276 and 2880980?
92
Calculate the greatest common factor of 2973675 and 37091.
1279
What is the greatest common divisor of 13939575 and 12597?
663
Calculate the highest common divisor of 232 and 4336776.
232
What is the highest common divisor of 53924 and 55250?
442
Calculate the greatest common divisor of 214037 and 16405.
193
What is the greatest common divisor of 420092919 and 81?
27
Calculate the highest common divisor of 13332 and 540672.
132
What is the greatest common divisor of 1365 and 273435?
15
What is the greatest common factor of 8001 and 141498?
63
What is the greatest common factor of 35118152 and 8?
8
What is the highest common factor of 166 and 5570379?
83
Calculate the greatest common divisor of 10930758 and 11219.
863
What is the greatest common factor of 128759178 and 1158?
1158
What is the greatest common divisor of 523975186 and 28?
14
What is the highest common divisor of 751104 and 244989?
1467
What is the highest common divisor of 6432 and 358243104?
6432
What is the highest common factor of 231539980 and 109?
109
What is the greatest common factor of 95328 and 213052122?
5958
Calculate the highest common factor of 54 and 274044.
6
What is the highest common divisor of 54858 and 1684542?
1338
What is the highest common divisor of 43790 and 2091190?
290
Calculate the greatest common factor of 6165 and 393994875.
2055
Calculate the greatest common factor of 90 and 3939345.
45
What is the highest common factor of 28548 and 955032?
156
Calculate the greatest common divisor of 94764 and 2149772.
596
What is the highest common factor of 3162 and 11250?
6
What is the highest common divisor of 1720186 and 793?
13
What is the greatest common factor of 2117450096 and 17?
17
Calculate the greatest common factor of 20 and 41370020.
20
Calculate the highest common factor of 78 and 31160740.
26
What is the highest common factor of 34075836 and 540?
108
What is the greatest common divisor of 64014 and 253706?
94
What is the greatest common divisor of 4053665 and 95865?
385
Calculate the highest common factor of 6341868 and 468.
468
What is the greatest common divisor of 10584197 and 9709?
1387
What is the highest common factor of 2 and 437288146?
2
What is the greatest common divisor of 32522045 and 53725?
1535
Calculate the highest common factor of 5291614 and 39824.
4978
What is the highest common divisor of 18057592 and 1806?
602
Calculate the greatest common divisor of 22395576 and 1512.
168
What is the greatest common divisor of 5041296 and 3744?
1872
Calculate the highest common factor of 66049648 and 4704.
784
What is the greatest common factor of 9725160 and 120?
120
Calculate the greatest common factor of 2290986 and 144.
18
What is the greatest common factor of 321517 and 651022?
1997
Calculate the highest common factor of 1468 and 191060200.
1468
What is the greatest common factor of 6622 and 158774?
154
Calculate the highest common divisor of 24989757 and 8034.
4017
Calculate the greatest common divisor of 133671 and 15776.
17
Calculate the greatest common factor of 326885 and 189410.
3055
Calculate the greatest common divisor of 15944445 and 33.
33
Calculate the highest common divisor of 60 and 173793.
3
What is the greatest common divisor of 358650 and 216000?
450
Calculate the highest common divisor of 4402 and 13142526.
142
Calculate the greatest common factor of 16 and 1987.
1
What is the highest common divisor of 93980794 and 68?
34
What is the highest common divisor of 670957 and 637?
49
Calculate the highest common divisor of 9148345 and 223315.
3785
Calculate the greatest common factor of 756041 and 572.
143
Calculate the highest common factor of 2629 and 5923357.
11
Calculate the highest common factor of 3504788 and 777.
259
What is the highest common divisor of 4455 and 87260580?
495
What is the greatest common divisor of 120 and 8235432?
24
Calculate the greatest common divisor of 1552392 and 3456.
216
Calculate the greatest common divisor of 705623473 and 11545.
2309
What is the greatest common factor of 318402 and 3829203?
8379
What is the highest common divisor of 650798 and 4707751?
2341
Calculate the greatest common factor of 4151 and 85295.
7
Calculate the highest common divisor of 155 and 67438981.
31
What is the highest common factor of 5375975 and 565?
565
Calculate the greatest common factor of 62447232 and 384.
384
Calculate the highest common factor of 75040 and 541226.
938
What is the highest common factor of 14868 and 241164?
252
What is the highest common divisor of 157711960 and 490?
70
What is the greatest common divisor of 33952 and 183332312?
8488
Calculate the greatest common divisor of 55528 and 9801.
11
What is the highest common divisor of 6 and 9379974?
6
What is the greatest common divisor of 291336 and 2396568?
1464
What is the greatest common factor of 352 and 21130758?
22
Calculate the greatest common factor of 1068 and 9989568.
12
Calculate the highest comm